e greatest common divisor of 34 and 10.
2
Calculate the greatest common factor of 24 and 184.
8
What is the greatest common divisor of 234 and 2925?
117
Calculate the highest common factor of 598 and 575.
23
Calculate the greatest common divisor of 180926 and 122.
122
What is the greatest common factor of 91 and 69706?
91
Calculate the highest common divisor of 1890 and 70.
70
Calculate the greatest common divisor of 105 and 1029.
21
Calculate the greatest common factor of 26 and 2938.
26
What is the greatest common factor of 54 and 621?
27
What is the greatest common divisor of 62 and 4309?
31
Calculate the highest common factor of 36 and 204.
12
What is the highest common divisor of 39 and 2119?
13
Calculate the greatest common factor of 32 and 21664.
32
Calculate the highest common factor of 73 and 10366.
73
Calculate the highest common factor of 47 and 188.
47
Calculate the highest common factor of 11 and 5104.
11
What is the greatest common factor of 108 and 1436?
4
What is the highest common divisor of 83 and 1411?
83
Calculate the highest common divisor of 9 and 639.
9
Calculate the highest common factor of 5258 and 22.
22
Calculate the greatest common factor of 1219 and 106.
53
What is the greatest common divisor of 29125 and 50?
25
What is the greatest common divisor of 31117 and 74?
37
What is the highest common divisor of 126 and 27?
9
What is the highest common divisor of 16497 and 585?
117
Calculate the highest common divisor of 95 and 627.
19
What is the greatest common divisor of 5643 and 66?
33
What is the highest common factor of 9 and 1089?
9
Calculate the greatest common factor of 78 and 208.
26
Calculate the greatest common divisor of 625 and 25.
25
Calculate the greatest common divisor of 18 and 657.
9
What is the greatest common factor of 51 and 459?
51
What is the greatest common divisor of 93 and 155?
31
Calculate the highest common divisor of 18 and 3546.
18
What is the highest common divisor of 28 and 322?
14
Calculate the highest common divisor of 1 and 117.
1
Calculate the highest common factor of 1413 and 36.
9
Calculate the greatest common divisor of 190 and 266.
38
What is the greatest common divisor of 1 and 210?
1
Calculate the greatest common divisor of 1072 and 201.
67
What is the highest common factor of 34 and 272?
34
Calculate the highest common divisor of 1274 and 13.
13
Calculate the greatest common divisor of 52 and 2912.
52
What is the highest common factor of 539 and 176?
11
Calculate the greatest common factor of 8 and 22.
2
What is the greatest common divisor of 238 and 21182?
238
Calculate the highest common factor of 7875 and 63.
63
What is the greatest common divisor of 34 and 3026?
34
What is the greatest common divisor of 163 and 2771?
163
Calculate the greatest common factor of 18 and 726.
6
Calculate the highest common divisor of 63 and 14.
7
What is the greatest common factor of 650 and 350?
50
Calculate the highest common divisor of 1288 and 168.
56
Calculate the highest common divisor of 9 and 369.
9
What is the greatest common divisor of 1850 and 1350?
50
What is the greatest common divisor of 1236 and 156?
12
What is the greatest common factor of 12 and 100?
4
What is the greatest common divisor of 28 and 882?
14
Calculate the highest common factor of 48 and 128.
16
Calculate the highest common factor of 160 and 928.
32
What is the highest common factor of 33905 and 5?
5
What is the greatest common factor of 1162 and 14?
14
What is the highest common factor of 8 and 108?
4
Calculate the greatest common divisor of 140 and 340.
20
What is the highest common divisor of 4320 and 3105?
135
What is the highest common factor of 5239 and 62?
31
Calculate the greatest common divisor of 15 and 405.
15
Calculate the highest common factor of 15341 and 23.
23
What is the greatest common factor of 19 and 456?
19
What is the highest common factor of 1505 and 35?
35
What is the greatest common factor of 44 and 9812?
44
What is the highest common factor of 2254 and 784?
98
What is the greatest common factor of 610 and 6222?
122
What is the highest common divisor of 98 and 42?
14
Calculate the greatest common factor of 5 and 2855.
5
Calculate the greatest common factor of 10340 and 660.
220
What is the highest common factor of 351 and 26?
13
Calculate the highest common factor of 329 and 188.
47
Calculate the greatest common divisor of 1296 and 816.
48
What is the highest common factor of 57 and 608?
19
Calculate the greatest common factor of 37 and 2701.
37
What is the greatest common factor of 2052 and 1634?
38
Calculate the highest common factor of 38 and 171.
19
What is the greatest common divisor of 46 and 21206?
46
What is the greatest common factor of 18 and 117?
9
What is the greatest common divisor of 1152 and 32?
32
What is the highest common factor of 71 and 284?
71
What is the highest common divisor of 9 and 16776?
9
What is the highest common factor of 219 and 8103?
219
What is the highest common factor of 208 and 338?
26
Calculate the greatest common factor of 1400 and 200.
200
Calculate the greatest common factor of 352 and 32.
32
Calculate the greatest common divisor of 537 and 3580.
179
What is the greatest common factor of 32 and 32?
32
Calculate the greatest common divisor of 104 and 78.
26
Calculate the highest common factor of 2 and 1537.
1
What is the greatest common divisor of 208 and 16848?
208
Calculate the greatest common factor of 234 and 78.
78
Calculate the greatest common divisor of 40381 and 11.
11
Calculate the greatest common divisor of 1152 and 2136.
24
What is the greatest common factor of 27 and 27?
27
Calculate the highest common divisor of 118 and 4.
2
Calculate the greatest common divisor of 9 and 37.
1
Calculate the greatest common divisor of 1253 and 5191.
179
What is the highest common factor of 17 and 799?
17
Calculate the highest common divisor of 1159 and 323.
19
What is the greatest common divisor of 46 and 322?
46
What is the greatest common divisor of 4 and 92?
4
Calculate the highest common factor of 16 and 5280.
16
What is the highest common divisor of 8 and 1096?
8
What is the greatest common factor of 16 and 22?
2
What is the greatest common divisor of 465 and 744?
93
What is the greatest common factor of 6747 and 78?
39
Calculate the greatest common factor of 23 and 6003.
23
What is the highest common divisor of 711 and 3792?
237
What is the highest common divisor of 1525 and 122?
61
Calculate the greatest common divisor of 110 and 50.
10
Calculate the highest common factor of 30 and 940.
10
Calculate the highest common divisor of 216 and 120.
24
What is the highest common factor of 8 and 248?
8
What is the highest common divisor of 424 and 1802?
106
What is the greatest common factor of 4864 and 38?
38
Calculate the greatest common factor of 3485 and 82.
41
What is the highest common factor of 110 and 1980?
110
Calculate the greatest common factor of 198 and 738.
18
What is the highest common divisor of 483 and 805?
161
What is the greatest common divisor of 1254 and 990?
66
Calculate the greatest common factor of 549 and 3111.
183
Calculate the highest common divisor of 18 and 160.
2
Calculate the greatest common divisor of 344 and 4859.
43
What is the highest common factor of 759 and 69?
69
What is the highest common factor of 95 and 10?
5
Calculate the greatest common divisor of 8 and 1688.
8
What is the greatest common factor of 16 and 6?
2
What is the greatest common factor of 455 and 520?
65
Calculate the greatest common factor of 320 and 4096.
64
Calculate the greatest common divisor of 235 and 10.
5
Calculate the greatest common factor of 864 and 1368.
72
What is the greatest common divisor of 3363 and 228?
57
Calculate the highest common factor of 33068 and 28.
28
Calculate the greatest common factor of 14 and 434.
14
Calculate the greatest common divisor of 8748 and 4.
4
Calculate the highest common factor of 70 and 14.
14
Calculate the greatest common factor of 16 and 18608.
16
What is the greatest common factor of 2715 and 75?
15
Calculate the highest common divisor of 48 and 1272.
24
Calculate the greatest common divisor of 22528 and 256.
256
What is the greatest common divisor of 20 and 5260?
20
What is the greatest common divisor of